(-6)/15. Is (-6)/(n/4) - -1215 composite?
False
Is (-9)/(54/(-53476))*(-24)/(-16) composite?
True
Suppose x + 3*n + 2 = 0, -3*x + 2*x - n = -4. Let h(d) = 4*d**3 - 6*d**2 + 11*d - 4. Is h(x) prime?
True
Suppose -160 = -12*a + 7*a. Let p = 23 - a. Is (-1975)/(-10) - p/6 prime?
True
Let d(t) = 249*t - 151. Is d(30) composite?
True
Suppose 28*a = -59549 + 421785. Is a a composite number?
True
Suppose -2385 = -3*j + b, -4*j + b = 6*b - 3199. Let y = j - 457. Suppose y = m + 2*m. Is m a composite number?
False
Suppose 2*k + 486 + 714 = 0. Let r = -334 - k. Let d = r + 71. Is d composite?
False
Let p(t) = 34*t**3 - 7*t**2 - 17*t - 7. Is p(5) a prime number?
False
Let c be (152/8)/((-1)/(-110)). Suppose -6533 + c = -3*u. Is u a composite number?
False
Let k be 5*4/30*3. Is ((-2926)/35)/(k/(-5)) a composite number?
True
Let i(z) = z - 7. Let l(o) = 3*o - 6. Let s be l(5). Let w be i(s). Suppose w*c = -0*c + 506. Is c a composite number?
True
Let r be ((-3)/2 - 1)*(-12)/15. Suppose 3278 = r*l + u, 5*l = -3*u + 3398 + 4799. Is l composite?
False
Suppose -18*k = -7*k - 56793. Is k a prime number?
False
Let f(o) = 29*o. Let d be f(1). Let h = d - 408. Is -1 - 1 - (4 + h) composite?
False
Suppose -5384 = -90*d + 82*d. Is d prime?
True
Suppose -20885 = 76*p - 81*p. Is p a composite number?
False
Let c = 3 + 2. Suppose 3*p - c = 4. Suppose 154 = 4*r + 3*g, -p*r + 5*g + 101 = -0*g. Is r composite?
False
Let p(r) = r**2 + 14*r + 13. Let q be p(-13). Suppose 2*v - 6*v + 1788 = q. Is v prime?
False
Let d = 40 + -48. Is (-447)/(-9) + d/12 prime?
False
Let o(z) = -77*z - 7. Let y be o(-3). Suppose -x - x + y = 0. Suppose s = -2*a + 5*a - x, 2*s = 3*a - 113. Is a a composite number?
False
Let f(b) = 4*b**2 - 7*b + 8. Let p = 10 - 1. Suppose t + 3*i + 2 = 0, t - p - 13 = 5*i. Is f(t) prime?
False
Let r be (2/3)/(2/(-30)). Let t = r + 13. Suppose 2*s - 105 = -t*s - 5*y, 5*y = -s + 29. Is s a composite number?
False
Suppose 4*z - 1333 = 5*x, -5*z = -0*z + 3*x - 1620. Let p = z + -184. Is p a composite number?
True
Let d = -5 + 7. Suppose -368 = -d*f + 5*p + 89, 2*f = 2*p + 448. Is f a composite number?
True
Suppose 4*w - 7628 = -0*w. Is w a prime number?
True
Let y be 26/(-13) + 1*5. Suppose 15 + 14 = y*l + 4*s, -5*s + 31 = 2*l. Suppose -p = -l*p + 174. Is p composite?
True
Let b(l) = l**2 - 37*l + 35. Let o be b(36). Suppose 0 = -5*a + 52 + 28. Is o/8 + 1074/a composite?
False
Suppose 2*d + 4*r = 15822, 5*d - 46*r + 47*r - 39600 = 0. Is d a prime number?
False
Suppose -5*u + 2705 = 5*k, -4*u + 2164 = -k + 2*k. Is u prime?
True
Let s be (6/4)/((-18)/(-336)). Suppose 22*b - s*b + 58602 = 0. Is b a prime number?
True
Is (1 + 3)/((-14)/(-1141)) composite?
True
Let f be 1*-10 - (11 + -7). Let c(u) = 2*u**2 + 15*u - 13. Let i be c(f). Let r = i - -118. Is r composite?
True
Suppose 190684 = 105*x - 96281. Is x a prime number?
False
Suppose -11*p = -4*p + 714. Let w = p + 208. Is w composite?
True
Let c = -7230 - -13949. Is c a prime number?
True
Let p(i) be the first derivative of -i**3/3 + 4*i**2 + 11*i - 8. Let v be p(9). Is (9/(-3))/(v/(-34)) composite?
True
Suppose -3*y + 229130 = 5*g, -8*y = 2*g - 6*y - 91648. Is g a prime number?
False
Suppose -823837 + 22288 = -63*z. Is z a composite number?
True
Let w(j) = 46*j**2 - j - 25. Is w(-6) composite?
False
Let g be -1 - 1 - -4*1. Suppose 7*h - 2*h + g*p = -681, -h = 4*p + 129. Is -2 - (4 + 4 + h) a prime number?
True
Let k = -820 + 1773. Is k a prime number?
True
Suppose -5*g + 7*g - 8123 = -5*t, 5*t = -3*g + 12172. Is g a composite number?
False
Suppose -60*o + 63*o + 27912 = 0. Is (-2 + 4)/((-16)/o) a composite number?
False
Suppose -1364 = -2*z - 298. Let j = z + 906. Is j composite?
False
Let h be (-14)/(((-2)/(-4))/((-1)/(-1))). Is -2 - (7/(h/8) - 5789) prime?
False
Suppose -3*o + 5934 = -4008. Is o composite?
True
Let c(z) = 2*z + 20. Let s be c(-8). Suppose -2*r = -5*t + 1476 + 55, -s*t - 4*r = -1236. Is t a prime number?
True
Let g(h) = -3*h - 6. Let z be g(-3). Suppose -z*o - 9 = -21. Suppose -4*i - i - 388 = -o*x, 0 = -2*x - i + 194. Is x composite?
False
Let c = 440 - 447. Let d(u) be the third derivative of -u**6/120 - u**5/10 - 7*u**4/24 - u**3/6 - 2*u**2. Is d(c) prime?
True
Let z(j) = 293*j**2 + 2*j - 4. Let g be z(2). Suppose -3*t - t + g = 0. Is t composite?
False
Suppose 50*w - 43*w = 98651. Is w a composite number?
True
Suppose 32*l + 19*l - 141117 = 0. Is l a prime number?
True
Let x(g) = g**2 - 41*g + 43. Is x(-25) composite?
False
Let s(u) = 2*u**3 + 60*u**2 - 5*u + 14. Is s(-11) composite?
True
Suppose 5*d + 3*u - 512 = -138, -76 = -d - u. Suppose -70*q - 1761 = -d*q. Is q prime?
True
Suppose -5*k = 2*g - 25765 + 2391, 46774 = 4*g - 3*k. Let b = -8091 + g. Is b prime?
False
Suppose 76*n - 88*n = -71076. Is n a prime number?
True
Suppose 7*g - 370 - 477 = 0. Let m = 204 - g. Is m prime?
True
Suppose 0*u = -3*u. Suppose u = -2*s + 3*s - 656. Let g = s + -303. Is g a composite number?
False
Let j(q) = 4 - 1 - 5*q + 4 + 6*q. Let a be j(-4). Suppose 47 = a*o - 46. Is o a prime number?
True
Let j = 50 + -48. Let h(g) = 19*g**3 + g**2 + 2*g + 44*g**3 + g + g - 5. Is h(j) prime?
False
Let s(o) = -68*o - 155. Is s(-24) prime?
False
Let v(p) = p + 9. Let a be v(-8). Let n = a - -31. Suppose -n = -3*b + 43. Is b a prime number?
False
Suppose -3*d + 2*d = 3*i + 2, 0 = -d - 4*i - 5. Suppose 5*v + 1338 = d*v. Is v a composite number?
True
Let g(k) = 47*k + 45*k - 8*k - 7. Is g(9) a composite number?
True
Suppose 0 = -5*s - m - 30 + 1, -3*s - m = 19. Let a be 186/(-30) + (-1)/s. Is (-1 + 236)/(a + 7) a prime number?
False
Let o = 12183 + 2476. Is o prime?
False
Let g(o) = 3*o**2 + 4*o + 12. Is g(43) a composite number?
True
Suppose 107 = 4*l + 15. Is (-1 + 414/(-8))*(-92)/l a composite number?
False
Let r be (6/(-3) + 0)/(2/451). Let u = r + 4500. Is u a composite number?
False
Let u(r) = 251*r**2 + 4*r - 101. Is u(-8) a composite number?
True
Let m(r) = -r**2 + 16*r - 1. Let d be m(16). Let b be 7 - (d - -2)/(-1). Let c = 3 + b. Is c composite?
False
Let g = 3693 + -2552. Let j = g - -28. Is j prime?
False
Suppose 0 = -2*k - 0*k - 28. Let w be (-1 - -3)*k/4. Is (-2)/w - (-369)/7 composite?
False
Let g = -956 + 1402. Let b = 213 + -189. Is g + (b/(-4))/(-2) composite?
False
Suppose -4 = -3*a + 4*a, v + 108 = -4*a. Let n = 171 + v. Is n composite?
False
Let f = 11043 + 13970. Is f prime?
True
Is (0 - -4)*((-356931)/12)/(-3) composite?
False
Let n(o) = -o + 22. Let p be n(20). Suppose p*q - 5*z + 3*z = 1872, -4*q - z + 3769 = 0. Is q prime?
True
Is -9 + (213400/11)/10 prime?
True
Suppose 2*q + 3*y - 6190 - 8454 = 0, -q = -y - 7317. Is q composite?
True
Let v = 898 - 225. Is v composite?
False
Suppose -2*y = -4*y + 5*d + 112, 4*y - d - 224 = 0. Let o be (1292/(-85))/(2/(-15)). Let a = o - y. Is a composite?
True
Let z be (-1)/(2/(-4)) + -2. Suppose -q + 90 + 95 = z. Is q composite?
True
Suppose -2*d + 697 = -3*f, 4*d + 0*d - 1159 = 5*f. Let o(y) = -y**3 + 362. Let p be o(0). Let x = p + f. Is x composite?
False
Let v(r) = 60*r**3 + 8*r**2 + 9*r + 42. Is v(7) a composite number?
True
Let m = -127 + 82. Let a = -29 - m. Is 1/(-8) + 114/a a composite number?
False
Suppose -1072 + 3808 = 6*w. Suppose -2*c - 10 = -w. Is c prime?
True
Let a = 76 - 2342. Let f = a + 5293. Is f a prime number?
False
Suppose -15 = d - 3*h, 5*d + 8 = 3*h - 7. Let y be (-2)/(-2)*-2*-2. Suppose -y*q + 2*q + 1252 = d. Is q composite?
True
Let i(a) = -376*a - 137. Is i(-40) prime?
False
Let p(b) = -3*b**2 - 3*b - 2. Let c be p(-1). Suppose 2*v = 73 + 859. Is 0 + 0 - v/c a prime number?
True
Let d(x) = 620*x + 47. Let i be d(6). Suppose -4*h = -1341 - i. Is h a composite number?
False
Let n(b) = -38*b + 1. Let l = 18 - 23. Is n(l) a composite number?
False
Suppose -15197 = -5*j - 3*s - s, -5*s = -5*j + 15215. Is j a prime number?
True
Let s = 9330 + -2251. Is s a prime number?
True
Suppose 4*z = -3*w, -4*w + 2*z + 0 = -22. Suppose -2*a - 2*c + 2386 = c, w*a + 3*c = 4772. Is a a prime number?
True
Let i be (4/11)/((-12)/(-66)). Suppose i*k - 299 = 527. Is k a prime number?
False
Let j(o) = -3*o**2 - 8*o - 6. Let l be j(-6). Let g = -27 - l. Suppose 0 = -3*z + 2*m + 1222 - g, 4*z - 4*m = 1572. Is z composite?
False
Let k = -835 + 2688. Let m = -4